me number?
False
Is 80897 a composite number?
False
Is 3827479 composite?
False
Is 33586027 a composite number?
False
Is 73502413 a prime number?
False
Is 300701 prime?
False
Is 89011379 prime?
False
Is 3860797 a prime number?
False
Is 10439561 composite?
True
Is 203297621 prime?
False
Is 119238299 prime?
True
Is 251846401 composite?
False
Is 40621121 a composite number?
False
Is 1690597 a prime number?
True
Is 169293127 a prime number?
True
Is 69792181 prime?
True
Is 44262037 a prime number?
True
Is 14988469 prime?
False
Is 23433847 composite?
True
Is 3465931 a composite number?
True
Is 30226039 a composite number?
True
Is 175637937 prime?
False
Is 370397 prime?
False
Is 31583683 a prime number?
False
Is 30899305 a composite number?
True
Is 82043113 composite?
True
Is 5399131 a composite number?
False
Is 553099907 a prime number?
True
Is 10894319 a prime number?
True
Is 12003977 a prime number?
True
Is 4994599 a composite number?
False
Is 17234461 a prime number?
True
Is 304366811 a prime number?
False
Is 148707485 prime?
False
Is 6052633 a composite number?
True
Is 271894177 a composite number?
False
Is 9073195 prime?
False
Is 20998 composite?
True
Is 656580407 a prime number?
False
Is 284453 composite?
True
Is 1131413 prime?
True
Is 4169929 composite?
False
Is 5134607 a composite number?
True
Is 106602551 a prime number?
False
Is 41852053 a prime number?
False
Is 177337885 composite?
True
Is 5206291 prime?
True
Is 1333991 composite?
False
Is 10365031 a prime number?
True
Is 268585171 prime?
False
Is 61710071 composite?
True
Is 4090319 a composite number?
True
Is 81514893 composite?
True
Is 660887 a composite number?
False
Is 184414313 a composite number?
False
Is 3971621 composite?
False
Is 14609593 composite?
False
Is 43727127 composite?
True
Is 207107779 composite?
True
Is 282217179 a composite number?
True
Is 2651849 composite?
True
Is 17948687 a prime number?
True
Is 191749253 composite?
False
Is 4009913 a prime number?
True
Is 8080411 prime?
True
Is 63785591 composite?
False
Is 214139603 prime?
True
Is 26274307 prime?
True
Is 780243 prime?
False
Is 8138699 a prime number?
False
Is 425133319 composite?
True
Is 38449933 a prime number?
True
Is 6638759 a prime number?
False
Is 709271 prime?
True
Is 132631183 composite?
False
Is 438502 prime?
False
Is 27467591 composite?
False
Is 22392283 a composite number?
False
Is 2180537 prime?
True
Is 17800511 a prime number?
False
Is 830327 a composite number?
False
Is 4581871 a prime number?
False
Is 2082529 a composite number?
True
Is 3126166 composite?
True
Is 2092807 a prime number?
False
Is 957476717 a composite number?
True
Is 281972201 composite?
True
Is 5112271 a composite number?
False
Is 17716913 composite?
False
Is 44398561 composite?
False
Is 838345309 composite?
False
Is 133123093 prime?
True
Is 12022783 prime?
True
Is 20285277 prime?
False
Is 11569737 composite?
True
Is 159045163 a composite number?
False
Is 963323 a composite number?
False
Is 41499131 a composite number?
True
Is 1311537571 a prime number?
True
Is 235790299 a prime number?
False
Is 5286469 a prime number?
True
Is 12374981 a prime number?
True
Is 11463086 composite?
True
Is 14269831 a prime number?
False
Is 2469317 a prime number?
True
Is 388760839 a prime number?
False
Is 471793507 a composite number?
False
Is 329953955 a prime number?
False
Is 102401119 a composite number?
True
Is 578377 composite?
True
Is 889549 a prime number?
False
Is 91241 composite?
True
Is 26411669 prime?
True
Is 383121941 a composite number?
True
Is 34116529 a composite number?
False
Is 16891163 a composite number?
False
Is 222467117 a prime number?
False
Is 292234141 a composite number?
True
Is 643396199 a composite number?
False
Is 92054951 composite?
False
Is 29057003 a composite number?
True
Is 8556611 a prime number?
False
Is 836869 a composite number?
True
Is 879383 a composite number?
True
Is 162530803 composite?
False
Is 56647821 a prime number?
False
Is 11297387 a composite number?
False
Is 9411803 composite?
True
Is 5904001 a prime number?
False
Is 67519261 a composite number?
False
Is 59746103 prime?
True
Is 1169461219 composite?
True
Is 4523419 composite?
True
Is 17437417 a prime number?
True
Is 309008023 prime?
False
Is 261073 composite?
True
Is 1315346519 prime?
True
Is 680567 composite?
False
Is 25272362 a composite number?
True
Is 3703151 a composite number?
False
Is 104296345 composite?
True
Is 11093249 composite?
True
Is 34631791 prime?
True
Is 9729397 a prime number?
True
Is 756367837 a composite number?
False
Is 2512715 prime?
False
Is 827821 a composite number?
False
Is 1025443 prime?
True
Is 65979503 a composite number?
False
Is 53579969 a composite number?
False
Is 743770001 a composite number?
True
Is 49703383 prime?
True
Is 707615807 prime?
True
Is 1252799 prime?
True
Is 13543843 composite?
False
Is 30248053 composite?
True
Is 80427959 composite?
False
Is 253208957 composite?
False
Is 83751329 a composite number?
True
Is 696929 composite?
False
Is 1252579 a prime number?
True
Is 1383829 prime?
True
Is 30292879 a composite number?
False
Is 11815757 prime?
True
Is 2326 a composite number?
True
Is 398897 a prime number?
False
Is 1996543 prime?
True
Is 1386431 a prime number?
False
Is 4721449 prime?
True
Is 194206183 composite?
False
Is 6617789 a composite number?
False
Is 11992037 composite?
False
Is 22166983 a composite number?
False
Is 4793773 composite?
True
Is 332912761 a prime number?
True
Is 40618499 a composite number?
False
Is 194557141 a composite number?
False
Is 2942837 a prime number?
False
Is 23138689 composite?
True
Is 172276927 a prime number?
True
Is 83537543 prime?
False
Is 152863 a composite number?
True
Is 55514197 prime?
False
Is 20248373 a prime number?
False
Is 8811217 a composite number?
True
Is 104460773 a prime number?
True
Is 8651411 a composite number?
True
Is 139307587 a prime number?
True
Is 22614477 prime?
False
Is 79045 prime?
False
Is 138735313 prime?
False
Is 6085679 a prime number?
False
Is 103531201 a prime number?
True
Is 4180219 a composite number?
False
Is 231057367 composite?
False
Is 27731953 composite?
False
Is 275489 prime?
True
Is 39545887 composite?
True
Is 60263585 a prime number?
False
Is 1249189909 a prime number?
False
Is 45452987 a prime number?
False
Is 37077239 composite?
False
Is 11458981 composite?
True
Is 3742481 prime?
False
Is 71773783 a prime number?
False
Is 102680293 prime?
True
Is 18288191 a prime number?
True
Is 128522939 prime?
False
Is 3230093 a composite number?
False
Is 642955 prime?
False
Is 23662543 a prime number?
False
Is 10444717 a prime number?
True
Is 10825979 a prime number?
True
Is 11005793 prime?
True
Is 2242595 a composite number?
True
Is 144782387 prime?
False
Is 141649 a prime number?
True
Is 51656699 composite?
True
Is 669607 composite?
False
Is 567277 a prime number?
True
Is 13594079 prime?
True
Is 4349831 composite?
True
Is 34696877 a prime number?
False
Is 24319783 composite?
False
Is 13018505 a composite number?
True
Is 34464153 a prime number?
False
Is 16367233 a prime number?
False
Is 268537 prime?
True
Is 104681953 prime?
False
Is 94781299 prime?
False
Is 2649583 a prime number?
False
Is 3973511 a composite number?
False
Is 13607243 composite?
True
Is 33280621 prime?
False
Is 4513021 a composite number?
False
Is 9811707 composite?
True
Is 16042151 a prime number?
False
Is 4603411 a prime number?
True
Is 585461 prime?
True
Is 44113129 composite?
True
Is 29133491 a prime number?
True
Is 22214131 prime?
True
Is 302674727 a prime number?
True
Is 33529127 a composite number?
True
Is 223305419 a prime number?
True
Is 3014579 a prime number?
False
Is 74293889 a prime number?
True
Is 375833 prime?
True
Is 7359197 composite?
False
Is 4153217 a prime number?
True
Is 9890737 a prime number?
True
Is 813217697 a prime number?
False
Is 245666411 a prime number?
False
Is 26923333 composite?
False
Is 25049207 a composite number?
False
Is 541799 prime?
True
Is 513791 a composite number?
True
Is 6401011 composite?
False
Is 15623549 prime?
True
Is 48294182 composite?
True
Is 5629739 composite?
True
Is 10217521 prime?
True
Is 727981 a composite number?
False
Is 35927941 prime?
False
Is 2493251 a prime number?
False
Is 93397697 a prime number?
True
Is 397